{"id":10,"date":"2025-10-15T12:20:26","date_gmt":"2025-10-15T12:20:26","guid":{"rendered":"https:\/\/zentralkurs.lerbermatt.ch\/?page_id=10"},"modified":"2026-03-24T09:23:51","modified_gmt":"2026-03-24T09:23:51","slug":"zentralkurs-vsn-koeniz-be","status":"publish","type":"page","link":"https:\/\/zentralkurs.lerbermatt.ch\/","title":{"rendered":"Zentralkurs 2026 VSN"},"content":{"rendered":"\n<h2 class=\"wp-block-heading has-text-align-center\">07.10. &#8211; 09.10.2026 | K\u00f6niz\/BE<\/h2>\n\n\n\n<div class=\"wp-block-group alignfull is-layout-flow wp-block-group-is-layout-flow\" style=\"padding-top:var(--wp--preset--spacing--50);padding-right:var(--wp--preset--spacing--50);padding-bottom:var(--wp--preset--spacing--50);padding-left:var(--wp--preset--spacing--50)\">\n<figure class=\"wp-block-image alignwide size-full is-style-rounded is-style-rounded--1\"><img loading=\"lazy\" decoding=\"async\" width=\"954\" height=\"481\" src=\"https:\/\/zentralkurs.lerbermatt.ch\/wp-content\/uploads\/2026\/01\/Alumni-Seite-verkleinert-1024x674-2.jpg\" alt=\"\" class=\"wp-image-204\" srcset=\"https:\/\/zentralkurs.lerbermatt.ch\/wp-content\/uploads\/2026\/01\/Alumni-Seite-verkleinert-1024x674-2.jpg 954w, https:\/\/zentralkurs.lerbermatt.ch\/wp-content\/uploads\/2026\/01\/Alumni-Seite-verkleinert-1024x674-2-300x151.jpg 300w, https:\/\/zentralkurs.lerbermatt.ch\/wp-content\/uploads\/2026\/01\/Alumni-Seite-verkleinert-1024x674-2-768x387.jpg 768w\" sizes=\"auto, (max-width: 954px) 100vw, 954px\" \/><\/figure>\n\n\n\n<div style=\"height:var(--wp--preset--spacing--30)\" aria-hidden=\"true\" class=\"wp-block-spacer\"><\/div>\n\n\n\n<div class=\"wp-block-group is-layout-flow wp-container-core-group-is-layout-d6743c7d wp-block-group-is-layout-flow\">\n<div style=\"height:1.25rem\" aria-hidden=\"true\" class=\"wp-block-spacer\"><\/div>\n\n\n\n<p class=\"has-text-align-center\" style=\"font-size:clamp(0.875em, 0.875rem + ((1vw - 0.2em) * 0.625), 1.25em);\">Der n\u00e4chste Zentralkurs findet am Gymnasium Lerbermatt in K\u00f6niz statt. <br>Weitere Informationen (Workshops, etc.) folgen.<\/p>\n\n\n\n<div style=\"height:20px\" aria-hidden=\"true\" class=\"wp-block-spacer\"><\/div>\n\n\n\n<div class=\"wp-block-buttons is-content-justification-center is-layout-flex wp-container-core-buttons-is-layout-a89b3969 wp-block-buttons-is-layout-flex\">\n<div class=\"wp-block-button\"><a class=\"wp-block-button__link wp-element-button\" href=\"https:\/\/forms.cloud.microsoft\/pages\/responsepage.aspx?id=lEU8QNsC6E2xTLDxy6YXOSBXN5xnVBRIkytmS2CGlPdUOTJXRk8yOEoyMDUyTDZaU1FZN0w2UjhSSi4u&amp;route=shorturl\">Provisorische Anmeldung<\/a><\/div>\n\n\n\n<div class=\"wp-block-button\"><a class=\"wp-block-button__link wp-element-button\" href=\"https:\/\/zentralkurs.lerbermatt.ch\/?page_id=242\">Programm<\/a><\/div>\n<\/div>\n<\/div>\n\n\n\n<div style=\"height:var(--wp--preset--spacing--30)\" aria-hidden=\"true\" class=\"wp-block-spacer\"><\/div>\n\n\n\n<blockquote class=\"wp-block-quote has-body-font-family is-layout-flow wp-block-quote-is-layout-flow\">\n<p class=\"has-text-align-center has-x-large-font-size\">M\u00f6chtest du einen Workshop anbieten? <br>Melde dich bitte <a href=\"mailto:luca.dick@lerbermatt.ch?subject=Workshopvorschlag Zentralkurs 2026\">hier<\/a><\/p>\n<\/blockquote>\n\n\n\n<div style=\"height:50px\" aria-hidden=\"true\" class=\"wp-block-spacer\"><\/div>\n\n\n\n<p><strong>Buche ein Hotel in Bern<\/strong><br>F\u00fcr die G\u00e4ste vom Zentralkurs Chemie 2026 wurde ein Hotelkontingent in Bern reserviert. \u00dcber folgenden Link kannst du auf die reservierten Zimmer zugreifen:<\/p>\n\n\n\n<div style=\"height:30px\" aria-hidden=\"true\" class=\"wp-block-spacer\"><\/div>\n\n\n\n<div class=\"wp-block-group is-vertical is-content-justification-center is-layout-flex wp-container-core-group-is-layout-ce155fab wp-block-group-is-layout-flex\">\n<div class=\"wp-block-buttons is-layout-flex wp-block-buttons-is-layout-flex\">\n<div class=\"wp-block-button has-custom-width wp-block-button__width-100\"><a class=\"wp-block-button__link wp-element-button\" href=\"https:\/\/bern.e-vent.online\/web\/8CDBE5516BCD486684C58ABE8443DD99\/DE\">Buchungslink<\/a><\/div>\n<\/div>\n<\/div>\n<\/div>\n","protected":false},"excerpt":{"rendered":"<p>07.10. &#8211; 09.10.2026 | K\u00f6niz\/BE Der n\u00e4chste Zentralkurs findet am Gymnasium Lerbermatt in K\u00f6niz statt. Weitere Informationen (Workshops, etc.) folgen. M\u00f6chtest du einen Workshop anbieten? Melde dich bitte hier Buche ein Hotel in BernF\u00fcr die G\u00e4ste vom Zentralkurs Chemie 2026 wurde ein Hotelkontingent in Bern reserviert. \u00dcber folgenden Link kannst du auf die reservierten Zimmer [&hellip;]<\/p>\n","protected":false},"author":1,"featured_media":0,"parent":0,"menu_order":0,"comment_status":"closed","ping_status":"closed","template":"pages-2","meta":{"footnotes":""},"class_list":["post-10","page","type-page","status-publish","hentry"],"_links":{"self":[{"href":"https:\/\/zentralkurs.lerbermatt.ch\/index.php?rest_route=\/wp\/v2\/pages\/10","targetHints":{"allow":["GET"]}}],"collection":[{"href":"https:\/\/zentralkurs.lerbermatt.ch\/index.php?rest_route=\/wp\/v2\/pages"}],"about":[{"href":"https:\/\/zentralkurs.lerbermatt.ch\/index.php?rest_route=\/wp\/v2\/types\/page"}],"author":[{"embeddable":true,"href":"https:\/\/zentralkurs.lerbermatt.ch\/index.php?rest_route=\/wp\/v2\/users\/1"}],"replies":[{"embeddable":true,"href":"https:\/\/zentralkurs.lerbermatt.ch\/index.php?rest_route=%2Fwp%2Fv2%2Fcomments&post=10"}],"version-history":[{"count":26,"href":"https:\/\/zentralkurs.lerbermatt.ch\/index.php?rest_route=\/wp\/v2\/pages\/10\/revisions"}],"predecessor-version":[{"id":335,"href":"https:\/\/zentralkurs.lerbermatt.ch\/index.php?rest_route=\/wp\/v2\/pages\/10\/revisions\/335"}],"wp:attachment":[{"href":"https:\/\/zentralkurs.lerbermatt.ch\/index.php?rest_route=%2Fwp%2Fv2%2Fmedia&parent=10"}],"curies":[{"name":"wp","href":"https:\/\/api.w.org\/{rel}","templated":true}]}}