{"id":242,"date":"2026-03-18T14:49:32","date_gmt":"2026-03-18T14:49:32","guid":{"rendered":"https:\/\/zentralkurs.lerbermatt.ch\/?page_id=242"},"modified":"2026-09-04T00:34:45","modified_gmt":"2026-09-03T22:34:45","slug":"programm","status":"publish","type":"page","link":"https:\/\/zentralkurs.lerbermatt.ch\/?page_id=242","title":{"rendered":"Programm"},"content":{"rendered":"\n<div class=\"wp-block-columns is-layout-flex wp-container-core-columns-is-layout-04822461 wp-block-columns-is-layout-flex\">\n<div class=\"wp-block-column is-layout-flow wp-block-column-is-layout-flow\">\n<div class=\"wp-block-columns is-layout-flex wp-container-core-columns-is-layout-04822461 wp-block-columns-is-layout-flex\">\n<div class=\"wp-block-column is-layout-flow wp-block-column-is-layout-flow\">\n<div class=\"wp-block-columns is-layout-flex wp-container-core-columns-is-layout-04822461 wp-block-columns-is-layout-flex\">\n<div class=\"wp-block-column is-layout-flow wp-block-column-is-layout-flow\"><\/div>\n<\/div>\n<\/div>\n<\/div>\n<\/div>\n<\/div>\n\n\n\n<div class=\"wp-block-columns is-layout-flex wp-container-core-columns-is-layout-04822461 wp-block-columns-is-layout-flex\">\n<div class=\"wp-block-column is-layout-flow wp-block-column-is-layout-flow\">\n<h2 class=\"wp-block-heading\">Programm\u00fcbersicht Chemie<\/h2>\n\n\n\n<figure class=\"wp-block-table\"><table><tbody><tr><td><strong>Mittwoch 07.10.26<\/strong><\/td><td><strong>Donnerstag 08.10.26<\/strong><\/td><td><strong>Freitag 09.10.26<\/strong><\/td><\/tr><tr><td>08:00 Eintreffen und Anmeldung<br>09:00 Begr\u00fcssung<br>09:20 Vortrag Broekmann<br>10:30 Kaffeepause und Marktst\u00e4nde<br>11:00 <a href=\"https:\/\/zentralkurs.lerbermatt.ch\/?page_id=1067\" data-type=\"page\" data-id=\"1067\">Workshop-Runde 1<\/a><br><br>11:45 Mittagessen<br><br>13:00 Generalversammlung VSN<br>14:00 Workshop-Runde 2<br>15:30 Kaffeepause und Markst\u00e4nde<br>16:00 Vortrag Mohr<br>17:15 Ap\u00e9ro riche<br><br><\/td><td>08:15 Begr\u00fcssung<br>08:30 Vortrag Ducci<br>09:30 Kaffeepause und Marktst\u00e4nde<br>10:00  Workshop-Runde 3<br>11:30  Vortrag Balmer-Preis 2025<br><br>12:00  Mittagspause<br><br>13:00  Workshop-Runde 4<br>14:30 Kaffeepause und Markst\u00e4nde<br>14:45  Workshop-Runde 5<br>16:30 Vortrag Polacek<br><br>18:30 Festessen Rest. Haberb\u00fcni<br>          (separate Anmeldung)<\/td><td>div. <a href=\"https:\/\/zentralkurs.lerbermatt.ch\/?page_id=427\" data-type=\"page\" data-id=\"427\">Exkursionen<\/a><\/td><\/tr><\/tbody><\/table><\/figure>\n\n\n\n<div style=\"height:53px\" aria-hidden=\"true\" class=\"wp-block-spacer\"><\/div>\n\n\n\n<h2 class=\"wp-block-heading\">Programm Biologie-Tag<\/h2>\n\n\n\n<p class=\"wp-block-paragraph\"><strong>Donnerstag 08.10.26<\/strong><br><br>07.45 Eintreffen und Registrierung<br>08.15 Begr\u00fcssung im Workshop-Raum<br>08.30 <a href=\"https:\/\/zentralkurs.lerbermatt.ch\/?p=994\" data-type=\"post\" data-id=\"994\">Workshop &#8222;Lasagne unter Verdacht&#8220;<\/a> Teil 1 inkl. Kaffeepause<br>11.15 Ende Workshop Teil 1<\/p>\n\n\n\n<p class=\"wp-block-paragraph\">11.30 Vortrag Balmer-Preis 2025 (T. Hari, D. Brunner)<br>Mittagspause und Marktst\u00e4nde<br>13.15 <a href=\"https:\/\/zentralkurs.lerbermatt.ch\/?p=994\" data-type=\"post\" data-id=\"994\">Workshop &#8222;Lasagne unter Verdacht&#8220;<\/a> Teil 2 inkl. Kaffeepause<\/p>\n\n\n\n<p class=\"wp-block-paragraph\">17.00 Ende des Workshops &#8222;Lasagne unter Verdacht&#8220;<br><\/p>\n<\/div>\n<\/div>\n\n\n\n<div class=\"wp-block-columns is-layout-flex wp-container-core-columns-is-layout-04822461 wp-block-columns-is-layout-flex\">\n<div class=\"wp-block-column is-layout-flow wp-block-column-is-layout-flow\">\n<div class=\"wp-block-columns is-layout-flex wp-container-core-columns-is-layout-04822461 wp-block-columns-is-layout-flex\">\n<div class=\"wp-block-column is-layout-flow wp-block-column-is-layout-flow\">\n<div style=\"height:53px\" aria-hidden=\"true\" class=\"wp-block-spacer\"><\/div>\n<\/div>\n<\/div>\n<\/div>\n<\/div>\n\n\n\n<div class=\"wp-block-columns is-layout-flex wp-container-core-columns-is-layout-04822461 wp-block-columns-is-layout-flex\">\n<div class=\"wp-block-column is-layout-flow wp-block-column-is-layout-flow\">\n<h2 class=\"wp-block-heading\">Programme Journ\u00e9e de Biologie<\/h2>\n\n\n\n<p class=\"wp-block-paragraph\"><strong>Jeudi, 8 octobre 2026<\/strong><br><br>09:45 Acceuil<\/p>\n\n\n\n<p class=\"wp-block-paragraph\">10:00 Atelier 1: ADN<\/p>\n\n\n\n<p class=\"wp-block-paragraph\">11:30 Presentation Prix Balmer 2025 Tom Hari, Daniel Brunner de Thun (exemples de projets pour les cours d\u2019option sp\u00e9cifique biologie et chemie)<\/p>\n\n\n\n<p class=\"wp-block-paragraph\">12:15 D\u00eener<\/p>\n\n\n\n<p class=\"wp-block-paragraph\">13:15 Atelier 2: L\u2019hydre<\/p>\n\n\n\n<p class=\"wp-block-paragraph\">14:15 Pause<\/p>\n\n\n\n<p class=\"wp-block-paragraph\">14:30 <a href=\"https:\/\/zentralkurs.lerbermatt.ch\/?p=900\" data-type=\"post\" data-id=\"900\">Atelier 3: Le sol en elegans<\/a><\/p>\n\n\n\n<p class=\"wp-block-paragraph\">16:00 Fin atelier<\/p>\n\n\n\n<p class=\"wp-block-paragraph\">16:30 Pr\u00e9sentation (optionale): Prof. Norbert Polacek (Uni Bern): &#8222;Nicht-kodierende RNA: Die dunkle Materie der Evolution?\u201c<\/p>\n\n\n\n<p class=\"wp-block-paragraph\">18:00 D\u00eener du congr\u00e8s (optional)<\/p>\n<\/div>\n<\/div>\n","protected":false},"excerpt":{"rendered":"<p>Programm\u00fcbersicht Chemie Mittwoch 07.10.26 Donnerstag 08.10.26 Freitag 09.10.26 08:00 Eintreffen und Anmeldung09:00 Begr\u00fcssung09:20 Vortrag Broekmann10:30 Kaffeepause und Marktst\u00e4nde11:00 Workshop-Runde 1 11:45 Mittagessen 13:00 Generalversammlung VSN14:00 Workshop-Runde 215:30 Kaffeepause und Markst\u00e4nde16:00 Vortrag Mohr17:15 Ap\u00e9ro riche 08:15 Begr\u00fcssung08:30 Vortrag Ducci09:30 Kaffeepause und Marktst\u00e4nde10:00 Workshop-Runde 311:30 Vortrag Balmer-Preis 2025 12:00 Mittagspause 13:00 Workshop-Runde 414:30 Kaffeepause und Markst\u00e4nde14:45 Workshop-Runde [&hellip;]<\/p>\n","protected":false},"author":1,"featured_media":0,"parent":0,"menu_order":0,"comment_status":"closed","ping_status":"closed","template":"pages-2","meta":{"footnotes":""},"class_list":["post-242","page","type-page","status-publish","hentry"],"jetpack_sharing_enabled":true,"_links":{"self":[{"href":"https:\/\/zentralkurs.lerbermatt.ch\/index.php?rest_route=\/wp\/v2\/pages\/242","targetHints":{"allow":["GET"]}}],"collection":[{"href":"https:\/\/zentralkurs.lerbermatt.ch\/index.php?rest_route=\/wp\/v2\/pages"}],"about":[{"href":"https:\/\/zentralkurs.lerbermatt.ch\/index.php?rest_route=\/wp\/v2\/types\/page"}],"author":[{"embeddable":true,"href":"https:\/\/zentralkurs.lerbermatt.ch\/index.php?rest_route=\/wp\/v2\/users\/1"}],"replies":[{"embeddable":true,"href":"https:\/\/zentralkurs.lerbermatt.ch\/index.php?rest_route=%2Fwp%2Fv2%2Fcomments&post=242"}],"version-history":[{"count":16,"href":"https:\/\/zentralkurs.lerbermatt.ch\/index.php?rest_route=\/wp\/v2\/pages\/242\/revisions"}],"predecessor-version":[{"id":1077,"href":"https:\/\/zentralkurs.lerbermatt.ch\/index.php?rest_route=\/wp\/v2\/pages\/242\/revisions\/1077"}],"wp:attachment":[{"href":"https:\/\/zentralkurs.lerbermatt.ch\/index.php?rest_route=%2Fwp%2Fv2%2Fmedia&parent=242"}],"curies":[{"name":"wp","href":"https:\/\/api.w.org\/{rel}","templated":true}]}}

<div class="wp-block-columns is-layout-flex wp-container-core-columns-is-layout-04822461 wp-block-columns-is-layout-flex">
<div class="wp-block-column is-layout-flow wp-block-column-is-layout-flow">
<div class="wp-block-columns is-layout-flex wp-container-core-columns-is-layout-04822461 wp-block-columns-is-layout-flex">
<div class="wp-block-column is-layout-flow wp-block-column-is-layout-flow">
<div class="wp-block-columns is-layout-flex wp-container-core-columns-is-layout-04822461 wp-block-columns-is-layout-flex">
<div class="wp-block-column is-layout-flow wp-block-column-is-layout-flow"></div>
</div>
</div>
</div>
</div>
</div>



<div class="wp-block-columns is-layout-flex wp-container-core-columns-is-layout-04822461 wp-block-columns-is-layout-flex">
<div class="wp-block-column is-layout-flow wp-block-column-is-layout-flow">
<h2 class="wp-block-heading">Programmübersicht Chemie</h2>



<figure class="wp-block-table"><table><tbody><tr><td><strong>Mittwoch 07.10.26</strong></td><td><strong>Donnerstag 08.10.26</strong></td><td><strong>Freitag 09.10.26</strong></td></tr><tr><td>08:00 Eintreffen und Anmeldung<br>09:00 Begrüssung<br>09:20 Vortrag Broekmann<br>10:30 Kaffeepause und Marktstände<br>11:00 <a href="https://zentralkurs.lerbermatt.ch/?page_id=1067" data-type="page" data-id="1067">Workshop-Runde 1</a><br><br>11:45 Mittagessen<br><br>13:00 Generalversammlung VSN<br>14:00 Workshop-Runde 2<br>15:30 Kaffeepause und Markstände<br>16:00 Vortrag Mohr<br>17:15 Apéro riche<br><br></td><td>08:15 Begrüssung<br>08:30 Vortrag Ducci<br>09:30 Kaffeepause und Marktstände<br>10:00  Workshop-Runde 3<br>11:30  Vortrag Balmer-Preis 2025<br><br>12:00  Mittagspause<br><br>13:00  Workshop-Runde 4<br>14:30 Kaffeepause und Markstände<br>14:45  Workshop-Runde 5<br>16:30 Vortrag Polacek<br><br>18:30 Festessen Rest. Haberbüni<br>          (separate Anmeldung)</td><td>div. <a href="https://zentralkurs.lerbermatt.ch/?page_id=427" data-type="page" data-id="427">Exkursionen</a></td></tr></tbody></table></figure>



<div style="height:53px" aria-hidden="true" class="wp-block-spacer"></div>



<h2 class="wp-block-heading">Programm Biologie-Tag</h2>



<p class="wp-block-paragraph"><strong>Donnerstag 08.10.26</strong><br><br>07.45 Eintreffen und Registrierung<br>08.15 Begrüssung im Workshop-Raum<br>08.30 <a href="https://zentralkurs.lerbermatt.ch/?p=994" data-type="post" data-id="994">Workshop &#8222;Lasagne unter Verdacht&#8220;</a> Teil 1 inkl. Kaffeepause<br>11.15 Ende Workshop Teil 1</p>



<p class="wp-block-paragraph">11.30 Vortrag Balmer-Preis 2025 (T. Hari, D. Brunner)<br>Mittagspause und Marktstände<br>13.15 <a href="https://zentralkurs.lerbermatt.ch/?p=994" data-type="post" data-id="994">Workshop &#8222;Lasagne unter Verdacht&#8220;</a> Teil 2 inkl. Kaffeepause</p>



<p class="wp-block-paragraph">17.00 Ende des Workshops &#8222;Lasagne unter Verdacht&#8220;<br></p>
</div>
</div>



<div class="wp-block-columns is-layout-flex wp-container-core-columns-is-layout-04822461 wp-block-columns-is-layout-flex">
<div class="wp-block-column is-layout-flow wp-block-column-is-layout-flow">
<div class="wp-block-columns is-layout-flex wp-container-core-columns-is-layout-04822461 wp-block-columns-is-layout-flex">
<div class="wp-block-column is-layout-flow wp-block-column-is-layout-flow">
<div style="height:53px" aria-hidden="true" class="wp-block-spacer"></div>
</div>
</div>
</div>
</div>



<div class="wp-block-columns is-layout-flex wp-container-core-columns-is-layout-04822461 wp-block-columns-is-layout-flex">
<div class="wp-block-column is-layout-flow wp-block-column-is-layout-flow">
<h2 class="wp-block-heading">Programme Journée de Biologie</h2>



<p class="wp-block-paragraph"><strong>Jeudi, 8 octobre 2026</strong><br><br>09:45 Acceuil</p>



<p class="wp-block-paragraph">10:00 Atelier 1: ADN</p>



<p class="wp-block-paragraph">11:30 Presentation Prix Balmer 2025 Tom Hari, Daniel Brunner de Thun (exemples de projets pour les cours d’option spécifique biologie et chemie)</p>



<p class="wp-block-paragraph">12:15 Dîner</p>



<p class="wp-block-paragraph">13:15 Atelier 2: L’hydre</p>



<p class="wp-block-paragraph">14:15 Pause</p>



<p class="wp-block-paragraph">14:30 <a href="https://zentralkurs.lerbermatt.ch/?p=900" data-type="post" data-id="900">Atelier 3: Le sol en elegans</a></p>



<p class="wp-block-paragraph">16:00 Fin atelier</p>



<p class="wp-block-paragraph">16:30 Présentation (optionale): Prof. Norbert Polacek (Uni Bern): &#8222;Nicht-kodierende RNA: Die dunkle Materie der Evolution?“</p>



<p class="wp-block-paragraph">18:00 Dîner du congrès (optional)</p>
</div>
</div>

<p>Programmübersicht Chemie Mittwoch 07.10.26 Donnerstag 08.10.26 Freitag 09.10.26 08:00 Eintreffen und Anmeldung09:00 Begrüssung09:20 Vortrag Broekmann10:30 Kaffeepause und Marktstände11:00 Workshop-Runde 1 11:45 Mittagessen 13:00 Generalversammlung VSN14:00 Workshop-Runde 215:30 Kaffeepause und Markstände16:00 Vortrag Mohr17:15 Apéro riche 08:15 Begrüssung08:30 Vortrag Ducci09:30 Kaffeepause und Marktstände10:00 Workshop-Runde 311:30 Vortrag Balmer-Preis 2025 12:00 Mittagspause 13:00 Workshop-Runde 414:30 Kaffeepause und Markstände14:45 Workshop-Runde [&hellip;]</p>
