{"id":270,"date":"2026-03-18T16:53:42","date_gmt":"2026-03-18T16:53:42","guid":{"rendered":"https:\/\/zentralkurs.lerbermatt.ch\/?page_id=270"},"modified":"2026-03-24T12:37:09","modified_gmt":"2026-03-24T12:37:09","slug":"grilles-des-programmations","status":"publish","type":"page","link":"https:\/\/zentralkurs.lerbermatt.ch\/?page_id=270&lang=fr","title":{"rendered":"Aper\u00e7u du programme"},"content":{"rendered":"\n<h2 class=\"wp-block-heading\">Programme Chimie<\/h2>\n\n\n\n<figure class=\"wp-block-table\"><table class=\"has-fixed-layout\"><tbody><tr><td><strong>Mercredi 07\/10\/26<\/strong><\/td><td><strong>Jeudi 08\/10\/26<\/strong><\/td><td><strong>Vendredi 09\/10\/26<\/strong><\/td><\/tr><tr><td>Arriv\u00e9e et inscription<br>Bienvenue<br>Conf\u00e9rence 1<br>Pause-caf\u00e9 et stands de march\u00e9<br>1er tour des workshops<br>Pause de midi<br>L&#8217;assembl\u00e9e g\u00e9n\u00e9rale du SSPSN<br>2e tour des workshops<br>Pause-caf\u00e9 et stands de march\u00e9<br>Conf\u00e9rence 2<br>Ap\u00e9ro riche<\/td><td>Conf\u00e9rence 3<br>Pause-caf\u00e9<br>3\u00e8me tour des workshops<br>Conf\u00e9rence Prix Balmer 2025<br>Pause de midi<br>4\u00e8me tour des workshops<br>Pause-caf\u00e9 et stands de march\u00e9<br>5\u00e8me tour des workshops<br>Conf\u00e9rence 4<br><br>Banquet<\/td><td>Diff\u00e9rentes excursions<\/td><\/tr><\/tbody><\/table><\/figure>\n\n\n\n<div style=\"height:53px\" aria-hidden=\"true\" class=\"wp-block-spacer\"><\/div>\n\n\n\n<h2 class=\"wp-block-heading\">Programme Jour de la Biologie<\/h2>\n\n\n\n<p><strong>Jeudi 08\/10\/26<\/strong><br><br>Arriv\u00e9e et inscription<br>Bienvenue dans la salle du workshop<br>Workshop partie 1 avec pause-caf\u00e9<br>Conf\u00e9rence Prix Balmer 2025<br>Pause de midi et stands de march\u00e9<br>Workshop partie 2 avec pause-caf\u00e9<br><\/p>\n\n\n\n<div style=\"height:41px\" aria-hidden=\"true\" class=\"wp-block-spacer\"><\/div>\n","protected":false},"excerpt":{"rendered":"<p>Programme Chimie Mercredi 07\/10\/26 Jeudi 08\/10\/26 Vendredi 09\/10\/26 Arriv\u00e9e et inscriptionBienvenueConf\u00e9rence 1Pause-caf\u00e9 et stands de march\u00e91er tour des workshopsPause de midiL&#8217;assembl\u00e9e g\u00e9n\u00e9rale du SSPSN2e tour des workshopsPause-caf\u00e9 et stands de march\u00e9Conf\u00e9rence 2Ap\u00e9ro riche Conf\u00e9rence 3Pause-caf\u00e93\u00e8me tour des workshopsConf\u00e9rence Prix Balmer 2025Pause de midi4\u00e8me tour des workshopsPause-caf\u00e9 et stands de march\u00e95\u00e8me tour des workshopsConf\u00e9rence 4 Banquet [&hellip;]<\/p>\n","protected":false},"author":1,"featured_media":0,"parent":0,"menu_order":0,"comment_status":"closed","ping_status":"closed","template":"cc26-fran-ais","meta":{"footnotes":""},"class_list":["post-270","page","type-page","status-publish","hentry"],"_links":{"self":[{"href":"https:\/\/zentralkurs.lerbermatt.ch\/index.php?rest_route=\/wp\/v2\/pages\/270","targetHints":{"allow":["GET"]}}],"collection":[{"href":"https:\/\/zentralkurs.lerbermatt.ch\/index.php?rest_route=\/wp\/v2\/pages"}],"about":[{"href":"https:\/\/zentralkurs.lerbermatt.ch\/index.php?rest_route=\/wp\/v2\/types\/page"}],"author":[{"embeddable":true,"href":"https:\/\/zentralkurs.lerbermatt.ch\/index.php?rest_route=\/wp\/v2\/users\/1"}],"replies":[{"embeddable":true,"href":"https:\/\/zentralkurs.lerbermatt.ch\/index.php?rest_route=%2Fwp%2Fv2%2Fcomments&post=270"}],"version-history":[{"count":10,"href":"https:\/\/zentralkurs.lerbermatt.ch\/index.php?rest_route=\/wp\/v2\/pages\/270\/revisions"}],"predecessor-version":[{"id":322,"href":"https:\/\/zentralkurs.lerbermatt.ch\/index.php?rest_route=\/wp\/v2\/pages\/270\/revisions\/322"}],"wp:attachment":[{"href":"https:\/\/zentralkurs.lerbermatt.ch\/index.php?rest_route=%2Fwp%2Fv2%2Fmedia&parent=270"}],"curies":[{"name":"wp","href":"https:\/\/api.w.org\/{rel}","templated":true}]}}